{"id":103,"date":"2015-04-09T10:33:51","date_gmt":"2015-04-09T09:33:51","guid":{"rendered":"https:\/\/pageperso.univ-lr.fr\/vincent.courboulay\/?page_id=103"},"modified":"2015-04-09T10:35:35","modified_gmt":"2015-04-09T09:35:35","slug":"link-human-robot","status":"publish","type":"page","link":"https:\/\/pageperso.univ-lr.fr\/vincent.courboulay\/?page_id=103","title":{"rendered":"Link Human Robot"},"content":{"rendered":"<h1>Le projet<\/h1>\n<p>La notion de machine a souvent\u00a0\u00e9t\u00e9 mobilis\u00e9e par la litt\u00e9rature et le\u00a0cin\u00e9ma pour servir de miroir \u00e0 l\u2019humain.\u00a0Mais imiter c\u2019est aussi \u00a0entrer en r\u00e9sonance,\u00a0interagir.<br \/>\nUne machine autopoi\u00e9tique engendre et sp\u00e9cifie\u00a0continuellement sa propre organisation parce qu\u2019elle est\u00a0continuellement soumise \u00e0 des perturbations externes.<\/p>\n<figure id=\"attachment_106\" aria-describedby=\"caption-attachment-106\" style=\"width: 300px\" class=\"wp-caption alignnone\"><a href=\"https:\/\/pageperso.univ-lr.fr\/vincent.courboulay\/wp-content\/uploads\/2015\/04\/thumb01.jpg\"><img decoding=\"async\" loading=\"lazy\" class=\"size-medium wp-image-106\" src=\"https:\/\/pageperso.univ-lr.fr\/vincent.courboulay\/wp-content\/uploads\/2015\/04\/thumb01-300x200.jpg\" alt=\"linkhumanrobot\" width=\"300\" height=\"200\" srcset=\"https:\/\/pageperso.univ-lr.fr\/vincent.courboulay\/wp-content\/uploads\/2015\/04\/thumb01-300x200.jpg 300w, https:\/\/pageperso.univ-lr.fr\/vincent.courboulay\/wp-content\/uploads\/2015\/04\/thumb01.jpg 560w\" sizes=\"(max-width: 300px) 100vw, 300px\" \/><\/a><figcaption id=\"caption-attachment-106\" class=\"wp-caption-text\">linkhumanrobot<\/figcaption><\/figure>\n<p>Un labo, un ring, des langages, deux corps, m\u00e9canique et organique, construisent des topologies \u00e9ph\u00e9m\u00e8res, tangibles et virtuelles. Entre \u00e9criture et improvisation, entre la ligne et le r\u00e9seau, ils \u00e9prouvent et ajustent continuellement leur distance \u00e0 l\u2019autre jusqu\u2019\u00e0 trouver celle qui laisse les corps autonomes et qui permettra peut-\u00eatre l\u2019\u00e9mergence d\u2019une nouvelle forme d\u2019alt\u00e9rit\u00e9.<br \/>\n<strong>Link Human\/Robot est <a href=\"http:\/\/www.linkhumanrobot.website\/index.php?p=955\">une performance<\/a> chor\u00e9graphique pour une danseuse et un robot<\/strong>.<br \/>\nCe projet s\u2019est construit au fur et \u00e0 mesure de la rencontre entre une artiste et un chercheur en robotique, il a \u00e9galement donn\u00e9 lieu \u00e0 <a class=\"gold\" href=\"http:\/\/www.linkhumanrobot.website\/index.php?p=619\">un livre<\/a> o\u00f9 se croisent diff\u00e9rentes visions de cette robotique contemporaine et de l\u2019\u00e9volution de cette relation singuli\u00e8re entre l\u2019humain et le robot, celle d\u2019un anthropologue,\u00a0d\u2019une \u00e9crivain, d\u2019artistes et de scientifiques.<\/p>\n<h1>Le site<\/h1>\n<p><a href=\"http:\/\/www.linkhumanrobot.website\/\">http:\/\/www.linkhumanrobot.website\/<\/a><\/p>\n<h1>Les photos<\/h1>\n<p><a href=\"http:\/\/www.linkhumanrobot.website\/category\/photos\/\">http:\/\/www.linkhumanrobot.website\/category\/photos\/<\/a><\/p>\n<h1>L&rsquo;annonce<\/h1>\n<p><a href=\"http:\/\/www.lecube.com\/fr\/emmanuelle-grangier-link-human-robot_2501\">http:\/\/www.lecube.com\/fr\/emmanuelle-grangier-link-human-robot_2501<\/a><\/p>\n","protected":false},"excerpt":{"rendered":"<p>Le projet La notion de machine a souvent\u00a0\u00e9t\u00e9 mobilis\u00e9e par la litt\u00e9rature et le\u00a0cin\u00e9ma pour servir de miroir \u00e0 l\u2019humain.\u00a0Mais imiter c\u2019est aussi \u00a0entrer en r\u00e9sonance,\u00a0interagir. Une machine autopoi\u00e9tique engendre et sp\u00e9cifie\u00a0continuellement sa propre organisation parce qu\u2019elle est\u00a0continuellement soumise \u00e0 des perturbations externes. Un labo, un ring, des langages, deux corps, m\u00e9canique et organique, construisent &hellip; <a href=\"https:\/\/pageperso.univ-lr.fr\/vincent.courboulay\/?page_id=103\" class=\"more-link\">Continuer la lecture de <span class=\"screen-reader-text\">Link Human Robot<\/span> <span class=\"meta-nav\">&rarr;<\/span><\/a><\/p>\n","protected":false},"author":1,"featured_media":0,"parent":91,"menu_order":0,"comment_status":"closed","ping_status":"open","template":"","meta":{"footnotes":""},"_links":{"self":[{"href":"https:\/\/pageperso.univ-lr.fr\/vincent.courboulay\/index.php?rest_route=\/wp\/v2\/pages\/103"}],"collection":[{"href":"https:\/\/pageperso.univ-lr.fr\/vincent.courboulay\/index.php?rest_route=\/wp\/v2\/pages"}],"about":[{"href":"https:\/\/pageperso.univ-lr.fr\/vincent.courboulay\/index.php?rest_route=\/wp\/v2\/types\/page"}],"author":[{"embeddable":true,"href":"https:\/\/pageperso.univ-lr.fr\/vincent.courboulay\/index.php?rest_route=\/wp\/v2\/users\/1"}],"replies":[{"embeddable":true,"href":"https:\/\/pageperso.univ-lr.fr\/vincent.courboulay\/index.php?rest_route=%2Fwp%2Fv2%2Fcomments&post=103"}],"version-history":[{"count":2,"href":"https:\/\/pageperso.univ-lr.fr\/vincent.courboulay\/index.php?rest_route=\/wp\/v2\/pages\/103\/revisions"}],"predecessor-version":[{"id":107,"href":"https:\/\/pageperso.univ-lr.fr\/vincent.courboulay\/index.php?rest_route=\/wp\/v2\/pages\/103\/revisions\/107"}],"up":[{"embeddable":true,"href":"https:\/\/pageperso.univ-lr.fr\/vincent.courboulay\/index.php?rest_route=\/wp\/v2\/pages\/91"}],"wp:attachment":[{"href":"https:\/\/pageperso.univ-lr.fr\/vincent.courboulay\/index.php?rest_route=%2Fwp%2Fv2%2Fmedia&parent=103"}],"curies":[{"name":"wp","href":"https:\/\/api.w.org\/{rel}","templated":true}]}}