{"id":47,"date":"2020-11-26T07:44:15","date_gmt":"2020-11-26T07:44:15","guid":{"rendered":"http:\/\/pageperso.univ-lr.fr\/mickael.coustaty\/?page_id=47"},"modified":"2022-11-09T17:27:33","modified_gmt":"2022-11-09T17:27:33","slug":"responsabilites","status":"publish","type":"page","link":"https:\/\/pageperso.univ-lr.fr\/mickael.coustaty\/responsabilites\/","title":{"rendered":"Responsabilit\u00e9s"},"content":{"rendered":"\n<p>Liste de mes responsabilit\u00e9s p\u00e9dagogiques :<\/p>\n\n\n\n<ul class=\"wp-block-list\"><li>Directeur du Master en droit du Num\u00e9rique parcours Tiers de Confiance et S\u00e9curit\u00e9 Num\u00e9rique de La Rochelle Universit\u00e9 (depuis 2016)<\/li><li>Responsable des enseignements en eTourisme pour l&#8217;Universit\u00e9 Europ\u00e9enne EU-CONEXUS (depuis 2019)<\/li><\/ul>\n\n\n\n<p><\/p>\n\n\n\n<p>Liste de mes responsabilit\u00e9s en recherche :<\/p>\n\n\n\n<ul class=\"wp-block-list\"><li>Vice-chair du Technical Committee 11 de l&#8217;IAPR (http:\/\/www.iapr-tc11.org\/mediawiki\/index.php\/IAPR-TC11:Reading_Systems) sur Document Image Processing (depuis 2022)<\/li><li>Membre \u00e9lu du conseil de laboratoire du L3i (Laboratoire Informatique, Image et Interactions) de La Rochelle Universit\u00e9 (2019-2023)<\/li><li>Responsable de l&#8217;axe &#8220;Humanit\u00e9s Num\u00e9riques, eTourisme et eAdministration&#8221; du CPER 2021-2027 de La Rochelle Universit\u00e9 (1.2 M\u20ac &#8211; 50 personnes)<\/li><li>Directeur du Laboratoire Commun IDEAS avec la soci\u00e9t\u00e9 Yooz (depuis 2018)<\/li><li>Membre du bureau du chapitre fran\u00e7ais IEEE Systems, Mans and Cybernetics<\/li><\/ul>\n\n\n\n<p>Liste de mes responsabilit\u00e9s en diffusion de la recherche<\/p>\n\n\n\n<ul class=\"wp-block-list\"><li>Pr\u00e9sident de l&#8217;association Valconum (https:\/\/valconum.org\/) &#8211; depuis 2022<\/li><\/ul>\n","protected":false},"excerpt":{"rendered":"<p>Liste de mes responsabilit\u00e9s p\u00e9dagogiques : Directeur du Master en droit du Num\u00e9rique parcours Tiers de Confiance et S\u00e9curit\u00e9 Num\u00e9rique de La Rochelle Universit\u00e9 (depuis 2016) Responsable des enseignements en eTourisme pour l&#8217;Universit\u00e9 Europ\u00e9enne EU-CONEXUS (depuis 2019) Liste de mes responsabilit\u00e9s en recherche : Vice-chair du Technical Committee 11 de l&#8217;IAPR (http:\/\/www.iapr-tc11.org\/mediawiki\/index.php\/IAPR-TC11:Reading_Systems) sur Document Image<\/p>\n<div class=\"more-link\">\n\t\t\t\t <a href=\"https:\/\/pageperso.univ-lr.fr\/mickael.coustaty\/responsabilites\/\" class=\"link-btn theme-btn\"><span>Read More <\/span> <i class=\"fa fa-caret-right\"><\/i><\/a>\n\t\t\t<\/div>\n","protected":false},"author":1,"featured_media":0,"parent":0,"menu_order":0,"comment_status":"closed","ping_status":"closed","template":"","meta":{"footnotes":""},"class_list":["post-47","page","type-page","status-publish","hentry"],"_links":{"self":[{"href":"https:\/\/pageperso.univ-lr.fr\/mickael.coustaty\/wp-json\/wp\/v2\/pages\/47","targetHints":{"allow":["GET"]}}],"collection":[{"href":"https:\/\/pageperso.univ-lr.fr\/mickael.coustaty\/wp-json\/wp\/v2\/pages"}],"about":[{"href":"https:\/\/pageperso.univ-lr.fr\/mickael.coustaty\/wp-json\/wp\/v2\/types\/page"}],"author":[{"embeddable":true,"href":"https:\/\/pageperso.univ-lr.fr\/mickael.coustaty\/wp-json\/wp\/v2\/users\/1"}],"replies":[{"embeddable":true,"href":"https:\/\/pageperso.univ-lr.fr\/mickael.coustaty\/wp-json\/wp\/v2\/comments?post=47"}],"version-history":[{"count":4,"href":"https:\/\/pageperso.univ-lr.fr\/mickael.coustaty\/wp-json\/wp\/v2\/pages\/47\/revisions"}],"predecessor-version":[{"id":80,"href":"https:\/\/pageperso.univ-lr.fr\/mickael.coustaty\/wp-json\/wp\/v2\/pages\/47\/revisions\/80"}],"wp:attachment":[{"href":"https:\/\/pageperso.univ-lr.fr\/mickael.coustaty\/wp-json\/wp\/v2\/media?parent=47"}],"curies":[{"name":"wp","href":"https:\/\/api.w.org\/{rel}","templated":true}]}}