{"id":44,"date":"2015-07-23T13:11:10","date_gmt":"2015-07-23T13:11:10","guid":{"rendered":"http:\/\/pageperso.univ-lr.fr\/frederic.bertrand\/?page_id=44"},"modified":"2015-07-23T16:28:31","modified_gmt":"2015-07-23T16:28:31","slug":"modelisation-temporelle","status":"publish","type":"page","link":"https:\/\/pageperso.univ-lr.fr\/frederic.bertrand\/recherche\/modelisation-temporelle\/","title":{"rendered":"Mod\u00e9lisation temporelle"},"content":{"rendered":"<p style=\"text-align: justify;\">Ces travaux ont \u00e9t\u00e9 men\u00e9s avec Jean-Yves Lafaye durant <a href=\"http:\/\/perso.univ-lr.fr\/cfaucher\/these\/CyrilFaucher_thesis.pdf\">la th\u00e8se<\/a> de <a href=\"http:\/\/cyril-faucher.fr\/\">Cyril Faucher<\/a> de 2009 \u00e0 2012. Il porte sur la mod\u00e9lisation d\u2019expressions temporelles exprimant une p\u00e9riodicit\u00e9. Cela consiste principalement en l\u2019\u00e9laboration d\u2019un mod\u00e8le formel et la cr\u00e9ation d\u2019outils en utilisant une d\u00e9marche d\u2019ing\u00e9nierie dirig\u00e9e par les mod\u00e8les (IDM).<\/p>\n<p style=\"text-align: justify;\">Ces travaux ont \u00e9t\u00e9 men\u00e9s dans le cadre du projet ANR\u00a0<a class=\"spip_in\" href=\"http:\/\/l3i.univ-larochelle.fr\/RelaxMultimedias-2\">Relaxmultim\u00e9dia 2<\/a>\u00a0visant \u00e0 produire de mani\u00e8re semi-automatique des \u00e9v\u00e9nements \u00e0 partir de textes de d\u00e9p\u00eaches d\u2019agences de presse.<\/p>\n<p>Ils ont donn\u00e9 lieu \u00e0 diff\u00e9rentes publications :<\/p>\n<hr \/>\n<p style=\"text-align: center;\"><strong>Revues<\/strong><\/p>\n<hr \/>\n<ul>\n<li>Fr\u00e9d\u00e9ric BERTRAND, Cyril FAUCHER, Jean-Yves LAFAYE, Guillaume MOREAU, Myriam SERVI\u00c8RES, Chamseddine ZAKI<br \/>\n<a href=\"http:\/\/rig.revuesonline.com\/article.jsp?articleId=20866\" target=\"_blank\"><strong>G\u00e9rer les informations temporelles dans et par les mod\u00e8les informatiques<\/strong><\/a><br \/>\n<em>Revue Internationale de G\u00e9omatique<\/em><br \/>\npp. 415-436, vol. 25 (3), 2015<\/li>\n<li>Anne AUTHOSSERE, Fr\u00e9d\u00e9ric BERTRAND, Mireille BLAY-FORNARINO, Philippe COLLET, Hubert DUBOIS, St\u00e9phane DUCASSE, Sophie DUPUY-CHESSA, Christine FARON-ZUCKER, Cyril FAUCHER, Jean-Yves LAFAYE, Philippe LAHIRE, Olivier LE GOAER, Johan MONTAGNAT, Anne-Marie PINNA-DERY<br \/>\n<a href=\"http:\/\/isi.revuesonline.com\/article.jsp?articleId=18382\"><strong>Ing\u00e9nierie dirig\u00e9e par les mod\u00e8les : quels supports \u00e0 l\u2019interop\u00e9rabilit\u00e9 des syst\u00e8mes d\u2019information ?<\/strong>\u00a0<\/a><br \/>\n<em>Revue Ing\u00e9nierie des syst\u00e8mes d\u2019Information (ISI) <\/em><br \/>\n<em>(num\u00e9ro sp\u00e9cial d&#8217;INFORSID 2012 \u00ab Nouveaux aspects de la mod\u00e9lisation en ing\u00e9nierie des SI \u00bb)<\/em><br \/>\npp 13-44, vol. 18 (2), 2013<\/li>\n<li>Cyril FAUCHER, Fr\u00e9d\u00e9ric BERTRAND, Jean-Yves LAFAYE, Denis TEYSSOU et Mathieu BULLY<br \/>\n<a href=\"http:\/\/tsi.revuesonline.com\/article.jsp?articleId=17805\"><strong>Une approche fond\u00e9e sur l\u2019IDM pour le d\u00e9veloppement d\u2019un environnement de production journalistique\u00a0<\/strong><\/a><br \/>\n<em>Technique et Science Informatiques (num\u00e9ro sp\u00e9cial \u00ab Ing\u00e9nierie Dirig\u00e9e par les Mod\u00e8les, Vers l&#8217;usage industriel \u00bb)\u00a0<\/em><br \/>\npp 917-942, vol. 31 (7), 2012<\/li>\n<li>Cyril FAUCHER, Cyril TISSOT, Jean-Yves LAFAYE, Fr\u00e9d\u00e9ric BERTRAND, David BROSSET, Mathias ROUAN<br \/>\n<a href=\"http:\/\/www.tandfonline.com\/doi\/full\/10.1080\/17489725.2010.532814\" target=\"_blank\"><strong>Location- and Temporal-Based Services for Nature-Society Interaction Regulation<\/strong><\/a><br \/>\n<em>Journal of Location Based Services (JLBS)<\/em><br \/>\n<em>Special Issue : GeoVA(t) &#8211; Geospatial visual analytics : focus on time<\/em><br \/>\n<em>Special issue of the ICA Commission on GeoVisualisation<\/em><br \/>\npp. 147-165, vol. 4 (3-4), 2010<\/li>\n<\/ul>\n<hr \/>\n<p style=\"text-align: center;\"><strong>Conf\u00e9rences<\/strong><\/p>\n<hr \/>\n<ul>\n<li>Cyril Faucher, Charles Teiss\u00e8dre, Jean-Yves Lafaye , Fr\u00e9d\u00e9ric Bertrand<br \/>\n<a href=\"http:\/\/dx.doi.org\/10.1007\/978-3-642-16438-5\"><b>Temporal Knowledge Acquisition and Modeling<\/b><\/a><br \/>\n<em>Proceedings of\u00a0<\/em><i>17th International Conference on Knowledge Engineering and Knowledge Management<\/i><br \/>\nLisbon, Portugal, October 2010<br \/>\nLecture Notes in Computer Science (LNAI), pp 271-280, vol. 6317, ISBN: 978-3-642-16437-8<\/li>\n<li>Cyril Faucher, Fr\u00e9d\u00e9ric Bertrand, Jean-Yves Lafaye<br \/>\n<a href=\"http:\/\/perso.univ-lr.fr\/fbertran\/recherche\/publis\/Faucher_RTE13.pdf\"><b>Relations qualitatives entre intervalles non convexes\u00a0<\/b><\/a><br \/>\n<em>Actes de l&#8217;atelier\u00a0<\/em><i>\u00ab Repr\u00e9sentation et raisonnement sur le temps et l&#8217;espace \u00bb du colloque SAGEO 2013<\/i><br \/>\nBrest, France, Septembre 2013<\/li>\n<li>Cyril Faucher, Samnang Chea, Fr\u00e9d\u00e9ric Bertrand, Jean-Yves Lafaye<br \/>\n<a href=\"http:\/\/perso.univ-lr.fr\/fbertran\/recherche\/publis\/FaucherEtAl_IDM11.pdf\"><b>Validation s\u00e9mantique d\u2019objets \u00e0 l\u2019aide d\u2019un mod\u00e8le de r\u00e9f\u00e9rence et de contraintes<\/b><\/a><br \/>\n<em>Actes des\u00a0<\/em><i>Journ\u00e9es sur l&#8217;Ing\u00e9nierie Dirig\u00e9e par les Mod\u00e8les<\/i>, pp 109-113<br \/>\nLille, France, Juin 2011<\/li>\n<li>Cyril Faucher, Fr\u00e9d\u00e9ric Bertrand, Jean-Yves Lafaye, Charles Teiss\u00e8dre<br \/>\n<a href=\"http:\/\/perso.univ-lr.fr\/fbertran\/recherche\/publis\/AFADL10.pdf\"><b>Mod\u00e9lisation et reformulation d&#8217;expressions temporelles extraites de textes en langage naturel<\/b><\/a><br \/>\n<em>Actes Journ\u00e9es AFADL (Approches Formelles dans l&#8217;Assistance au D\u00e9veloppement de Logiciels)<\/em><br \/>\nFuturoscope &#8211; Poitiers, France, Juin 2010<\/li>\n<li>Cyril Faucher, Fr\u00e9d\u00e9ric Bertrand, Jean-Yves Lafaye<br \/>\n<a href=\"http:\/\/perso.univ-lr.fr\/fbertran\/recherche\/publis\/20100127_IDM_IHM_2010_FaucherEtAl.pdf\"><b>G\u00e9n\u00e9ration d&#8217;un m\u00e9tamod\u00e8le de composants graphiques \u00e0 partir de la sp\u00e9cification d&#8217;une biblioth\u00e8que de composants Web<\/b><\/a><br \/>\n<em>Actes de l&#8217;atelier\u00a0<\/em><i>\u00ab IDM-IHM \u00bb des Journ\u00e9es sur l&#8217;Ing\u00e9nierie Dirig\u00e9e par les Mod\u00e8les<\/i><br \/>\nPau, France, Mars 2010<\/li>\n<\/ul>\n","protected":false},"excerpt":{"rendered":"<p>Ces travaux ont \u00e9t\u00e9 men\u00e9s avec Jean-Yves Lafaye durant la th\u00e8se de Cyril Faucher de 2009 \u00e0 2012. Il porte sur la mod\u00e9lisation d\u2019expressions temporelles exprimant une p\u00e9riodicit\u00e9. Cela consiste principalement en l\u2019\u00e9laboration d\u2019un mod\u00e8le formel et la cr\u00e9ation d\u2019outils en utilisant une d\u00e9marche d\u2019ing\u00e9nierie dirig\u00e9e par les mod\u00e8les (IDM). Ces travaux ont \u00e9t\u00e9 men\u00e9s &hellip; <a href=\"https:\/\/pageperso.univ-lr.fr\/frederic.bertrand\/recherche\/modelisation-temporelle\/\" class=\"more-link\">Continue reading <span class=\"screen-reader-text\">Mod\u00e9lisation temporelle<\/span><\/a><\/p>\n","protected":false},"author":1,"featured_media":0,"parent":20,"menu_order":0,"comment_status":"open","ping_status":"open","template":"","meta":[],"_links":{"self":[{"href":"https:\/\/pageperso.univ-lr.fr\/frederic.bertrand\/wp-json\/wp\/v2\/pages\/44"}],"collection":[{"href":"https:\/\/pageperso.univ-lr.fr\/frederic.bertrand\/wp-json\/wp\/v2\/pages"}],"about":[{"href":"https:\/\/pageperso.univ-lr.fr\/frederic.bertrand\/wp-json\/wp\/v2\/types\/page"}],"author":[{"embeddable":true,"href":"https:\/\/pageperso.univ-lr.fr\/frederic.bertrand\/wp-json\/wp\/v2\/users\/1"}],"replies":[{"embeddable":true,"href":"https:\/\/pageperso.univ-lr.fr\/frederic.bertrand\/wp-json\/wp\/v2\/comments?post=44"}],"version-history":[{"count":20,"href":"https:\/\/pageperso.univ-lr.fr\/frederic.bertrand\/wp-json\/wp\/v2\/pages\/44\/revisions"}],"predecessor-version":[{"id":80,"href":"https:\/\/pageperso.univ-lr.fr\/frederic.bertrand\/wp-json\/wp\/v2\/pages\/44\/revisions\/80"}],"up":[{"embeddable":true,"href":"https:\/\/pageperso.univ-lr.fr\/frederic.bertrand\/wp-json\/wp\/v2\/pages\/20"}],"wp:attachment":[{"href":"https:\/\/pageperso.univ-lr.fr\/frederic.bertrand\/wp-json\/wp\/v2\/media?parent=44"}],"curies":[{"name":"wp","href":"https:\/\/api.w.org\/{rel}","templated":true}]}}