{"id":37,"date":"2015-07-23T13:01:46","date_gmt":"2015-07-23T13:01:46","guid":{"rendered":"http:\/\/pageperso.univ-lr.fr\/frederic.bertrand\/?page_id=37"},"modified":"2015-07-23T15:51:41","modified_gmt":"2015-07-23T15:51:41","slug":"correspondances-entre-lespace-des-modeles-idm-et-lespace-ontologique-owl","status":"publish","type":"page","link":"https:\/\/pageperso.univ-lr.fr\/frederic.bertrand\/recherche\/correspondances-entre-lespace-des-modeles-idm-et-lespace-ontologique-owl\/","title":{"rendered":"Correspondances entre espaces de repr\u00e9sentation"},"content":{"rendered":"<p style=\"text-align: justify;\">Ces\u00a0travaux portent sur l\u2019int\u00e9gration de donn\u00e9es issues du Web s\u00e9mantique pour des applications manipulant des objets. Ils ont \u00e9t\u00e9 men\u00e9 avec Jean-Yves LAFAYE et Guillaume HILLAIRET durant sa th\u00e8se entre 2006 et 2010.<\/p>\n<p style=\"text-align: justify;\">L\u2019approche d\u00e9velopp\u00e9e, fond\u00e9e sur l\u2019Ing\u00e9nierie Dirig\u00e9e par les Mod\u00e8les (IDM), consiste \u00e0 d\u00e9finir des r\u00e8gles de correspondance entre 2 espaces de repr\u00e9sentation :<\/p>\n<ul>\n<li>l\u2019espace des mod\u00e8les propre \u00e0 l\u2019IDM<\/li>\n<li>l\u2019espace ontologique (RDF, RDFS, OWL)<\/li>\n<\/ul>\n<p style=\"text-align: justify;\">Le d\u00e9veloppement d\u2019un langage d\u00e9claratif de mise en correspondance (<i>mapping<\/i>) permet l\u2019expression des transformations entre les deux espaces.<\/p>\n<p style=\"text-align: justify;\">Le but \u00e9tait de pouvoir utiliser des donn\u00e9es interconnect\u00e9es (<i><a href=\"http:\/\/linkeddata.org\/\">Linked Data<\/a><\/i>) via des applications objet. Les traitements sont r\u00e9alis\u00e9s dans l\u2019espace objet puis les r\u00e9sultats publi\u00e9s dans l\u2019espace du Web s\u00e9mantique via des transformations de mod\u00e8les entre ces deux espaces.<\/p>\n","protected":false},"excerpt":{"rendered":"<p>Ces\u00a0travaux portent sur l\u2019int\u00e9gration de donn\u00e9es issues du Web s\u00e9mantique pour des applications manipulant des objets. Ils ont \u00e9t\u00e9 men\u00e9 avec Jean-Yves LAFAYE et Guillaume HILLAIRET durant sa th\u00e8se entre 2006 et 2010. L\u2019approche d\u00e9velopp\u00e9e, fond\u00e9e sur l\u2019Ing\u00e9nierie Dirig\u00e9e par les Mod\u00e8les (IDM), consiste \u00e0 d\u00e9finir des r\u00e8gles de correspondance entre 2 espaces de repr\u00e9sentation &hellip; <a href=\"https:\/\/pageperso.univ-lr.fr\/frederic.bertrand\/recherche\/correspondances-entre-lespace-des-modeles-idm-et-lespace-ontologique-owl\/\" class=\"more-link\">Continue reading <span class=\"screen-reader-text\">Correspondances entre espaces de repr\u00e9sentation<\/span><\/a><\/p>\n","protected":false},"author":1,"featured_media":0,"parent":20,"menu_order":0,"comment_status":"open","ping_status":"closed","template":"","meta":[],"_links":{"self":[{"href":"https:\/\/pageperso.univ-lr.fr\/frederic.bertrand\/wp-json\/wp\/v2\/pages\/37"}],"collection":[{"href":"https:\/\/pageperso.univ-lr.fr\/frederic.bertrand\/wp-json\/wp\/v2\/pages"}],"about":[{"href":"https:\/\/pageperso.univ-lr.fr\/frederic.bertrand\/wp-json\/wp\/v2\/types\/page"}],"author":[{"embeddable":true,"href":"https:\/\/pageperso.univ-lr.fr\/frederic.bertrand\/wp-json\/wp\/v2\/users\/1"}],"replies":[{"embeddable":true,"href":"https:\/\/pageperso.univ-lr.fr\/frederic.bertrand\/wp-json\/wp\/v2\/comments?post=37"}],"version-history":[{"count":9,"href":"https:\/\/pageperso.univ-lr.fr\/frederic.bertrand\/wp-json\/wp\/v2\/pages\/37\/revisions"}],"predecessor-version":[{"id":76,"href":"https:\/\/pageperso.univ-lr.fr\/frederic.bertrand\/wp-json\/wp\/v2\/pages\/37\/revisions\/76"}],"up":[{"embeddable":true,"href":"https:\/\/pageperso.univ-lr.fr\/frederic.bertrand\/wp-json\/wp\/v2\/pages\/20"}],"wp:attachment":[{"href":"https:\/\/pageperso.univ-lr.fr\/frederic.bertrand\/wp-json\/wp\/v2\/media?parent=37"}],"curies":[{"name":"wp","href":"https:\/\/api.w.org\/{rel}","templated":true}]}}

Correspondances entre espaces de représentation

<p style="text-align: justify;">Ces travaux portent sur l’intégration de données issues du Web sémantique pour des applications manipulant des objets. Ils ont été mené avec Jean-Yves LAFAYE et Guillaume HILLAIRET durant sa thèse entre 2006 et 2010.</p>
<p style="text-align: justify;">L’approche développée, fondée sur l’Ingénierie Dirigée par les Modèles (IDM), consiste à définir des règles de correspondance entre 2 espaces de représentation :</p>
<ul>
<li>l’espace des modèles propre à l’IDM</li>
<li>l’espace ontologique (RDF, RDFS, OWL)</li>
</ul>
<p style="text-align: justify;">Le développement d’un langage déclaratif de mise en correspondance (<i>mapping</i>) permet l’expression des transformations entre les deux espaces.</p>
<p style="text-align: justify;">Le but était de pouvoir utiliser des données interconnectées (<i><a href="http://linkeddata.org/">Linked Data</a></i>) via des applications objet. Les traitements sont réalisés dans l’espace objet puis les résultats publiés dans l’espace du Web sémantique via des transformations de modèles entre ces deux espaces.</p>

<p>Ces travaux portent sur l’intégration de données issues du Web sémantique pour des applications manipulant des objets. Ils ont été mené avec Jean-Yves LAFAYE et Guillaume HILLAIRET durant sa thèse entre 2006 et 2010. L’approche développée, fondée sur l’Ingénierie Dirigée par les Modèles (IDM), consiste à définir des règles de correspondance entre 2 espaces de représentation &hellip; <a href="https://pageperso.univ-lr.fr/frederic.bertrand/recherche/correspondances-entre-lespace-des-modeles-idm-et-lespace-ontologique-owl/" class="more-link">Continue reading <span class="screen-reader-text">Correspondances entre espaces de représentation</span></a></p>
