{"id":15,"date":"2015-07-21T22:12:31","date_gmt":"2015-07-21T22:12:31","guid":{"rendered":"http:\/\/pageperso.univ-lr.fr\/frederic.bertrand\/?page_id=15"},"modified":"2019-03-12T14:02:37","modified_gmt":"2019-03-12T14:02:37","slug":"15-2","status":"publish","type":"page","link":"https:\/\/pageperso.univ-lr.fr\/frederic.bertrand\/","title":{"rendered":"Pr\u00e9sentation"},"content":{"rendered":"<p>Je suis enseignant-chercheur (ma\u00eetre de conf\u00e9rences) \u00e0 l&#8217;universit\u00e9 de La Rochelle depuis 1997, mes\u00a0enseignements s&#8217;effectuent\u00a0au d\u00e9partement informatique de la Facult\u00e9 des Sciences et mon activit\u00e9 de recherche au laboratoire Informatique, Image et Interaction (L3i) .<\/p>\n","protected":false},"excerpt":{"rendered":"<p>Je suis enseignant-chercheur (ma\u00eetre de conf\u00e9rences) \u00e0 l&#8217;universit\u00e9 de La Rochelle depuis 1997, mes\u00a0enseignements s&#8217;effectuent\u00a0au d\u00e9partement informatique de la Facult\u00e9 des Sciences et mon activit\u00e9 de recherche au laboratoire Informatique, Image et Interaction (L3i) .<\/p>\n","protected":false},"author":1,"featured_media":30,"parent":0,"menu_order":0,"comment_status":"open","ping_status":"open","template":"","meta":[],"_links":{"self":[{"href":"https:\/\/pageperso.univ-lr.fr\/frederic.bertrand\/wp-json\/wp\/v2\/pages\/15"}],"collection":[{"href":"https:\/\/pageperso.univ-lr.fr\/frederic.bertrand\/wp-json\/wp\/v2\/pages"}],"about":[{"href":"https:\/\/pageperso.univ-lr.fr\/frederic.bertrand\/wp-json\/wp\/v2\/types\/page"}],"author":[{"embeddable":true,"href":"https:\/\/pageperso.univ-lr.fr\/frederic.bertrand\/wp-json\/wp\/v2\/users\/1"}],"replies":[{"embeddable":true,"href":"https:\/\/pageperso.univ-lr.fr\/frederic.bertrand\/wp-json\/wp\/v2\/comments?post=15"}],"version-history":[{"count":7,"href":"https:\/\/pageperso.univ-lr.fr\/frederic.bertrand\/wp-json\/wp\/v2\/pages\/15\/revisions"}],"predecessor-version":[{"id":97,"href":"https:\/\/pageperso.univ-lr.fr\/frederic.bertrand\/wp-json\/wp\/v2\/pages\/15\/revisions\/97"}],"wp:featuredmedia":[{"embeddable":true,"href":"https:\/\/pageperso.univ-lr.fr\/frederic.bertrand\/wp-json\/wp\/v2\/media\/30"}],"wp:attachment":[{"href":"https:\/\/pageperso.univ-lr.fr\/frederic.bertrand\/wp-json\/wp\/v2\/media?parent=15"}],"curies":[{"name":"wp","href":"https:\/\/api.w.org\/{rel}","templated":true}]}}